{"id":12024,"date":"2024-02-16T19:04:57","date_gmt":"2024-02-16T19:04:57","guid":{"rendered":"http:\/\/fundametz.com\/?page_id=12024"},"modified":"2025-12-10T13:59:00","modified_gmt":"2025-12-10T13:59:00","slug":"emisionobligaciones","status":"publish","type":"page","link":"http:\/\/fundametz.com\/?page_id=12024","title":{"rendered":"EmisionObligaciones"},"content":{"rendered":"<section class=\"contenedor-informacion\">\n<div class=\"texto-informacion\">\n<h2>Cancelaci\u00f3n de la II Emisi\u00f3n<br \/>\nde Obligaciones de Fundametz<\/h2>\n<p>Para mayor informaci\u00f3n, contacte con nosotros a trav\u00e9s de los siguientes correos electr\u00f3nicos:<\/p>\n<ul class=\"lista-contactos\">\n<li><a href=\"mailto:cdanin@fundametz.com\">cdanin@fundametz.com<\/a><\/li>\n<li><a href=\"mailto:ipazmino@fundametz.com\">ipazmino@fundametz.com<\/a><\/li>\n<\/ul>\n<\/div>\n<div class=\"contenedor-iframe\"><iframe src=\"wp-content\/uploads\/2025\/12\/Resolucion-No.-SCVS-INMV-DNAR-2025-00036105cancelacion-II-EOLP-de-FUNDAMETZ-S.A_-signed.pdf\"><\/iframe><\/div>\n<p><\/p>\n<h2>___________________________________________________________________________________________<\/h2>\n<div class=\"texto-informacion\">\n<h2>Fundametz &#8211; III Emisi\u00f3n de obligaciones<\/h2>\n<p>Para mayor informaci\u00f3n, contacte con nosotros a trav\u00e9s de los siguientes correos electr\u00f3nicos:<\/p>\n<ul class=\"lista-contactos\">\n<li><a href=\"mailto:cdanin@fundametz.com\">cdanin@fundametz.com<\/a><\/li>\n<li><a href=\"mailto:ipazmino@fundametz.com\">ipazmino@fundametz.com<\/a><\/li>\n<\/ul>\n<\/div>\n<div class=\"contenedor-iframe\"><iframe src=\"wp-content\/uploads\/2023\/04\/RESOLUCION-37621-III-EOLP-FUNDAMETZ-firmada.pdf\"><\/iframe><\/div>\n<\/section>\n","protected":false},"excerpt":{"rendered":"<p>Cancelaci\u00f3n de la II Emisi\u00f3n de Obligaciones de Fundametz Para mayor informaci\u00f3n, contacte con nosotros a trav\u00e9s de los siguientes correos electr\u00f3nicos: cdanin@fundametz.com ipazmino@fundametz.com ___________________________________________________________________________________________ Fundametz &#8211; III Emisi\u00f3n de obligaciones Para mayor informaci\u00f3n, contacte con nosotros a trav\u00e9s de los siguientes correos electr\u00f3nicos: cdanin@fundametz.com ipazmino@fundametz.com<\/p>\n","protected":false},"author":2,"featured_media":0,"parent":0,"menu_order":0,"comment_status":"closed","ping_status":"closed","template":"","meta":{"footnotes":""},"class_list":["post-12024","page","type-page","status-publish","hentry"],"_links":{"self":[{"href":"http:\/\/fundametz.com\/index.php?rest_route=\/wp\/v2\/pages\/12024","targetHints":{"allow":["GET"]}}],"collection":[{"href":"http:\/\/fundametz.com\/index.php?rest_route=\/wp\/v2\/pages"}],"about":[{"href":"http:\/\/fundametz.com\/index.php?rest_route=\/wp\/v2\/types\/page"}],"author":[{"embeddable":true,"href":"http:\/\/fundametz.com\/index.php?rest_route=\/wp\/v2\/users\/2"}],"replies":[{"embeddable":true,"href":"http:\/\/fundametz.com\/index.php?rest_route=%2Fwp%2Fv2%2Fcomments&post=12024"}],"version-history":[{"count":18,"href":"http:\/\/fundametz.com\/index.php?rest_route=\/wp\/v2\/pages\/12024\/revisions"}],"predecessor-version":[{"id":12138,"href":"http:\/\/fundametz.com\/index.php?rest_route=\/wp\/v2\/pages\/12024\/revisions\/12138"}],"wp:attachment":[{"href":"http:\/\/fundametz.com\/index.php?rest_route=%2Fwp%2Fv2%2Fmedia&parent=12024"}],"curies":[{"name":"wp","href":"https:\/\/api.w.org\/{rel}","templated":true}]}}